1209 (base 10) to base 3.
111002011021012
What is -123211001100 (base 4) in base 13?
-166182c
What is 354551 (base 9) in base 2?
110100000101000111
Convert 55412726 (base 8) to base 10.
11933142
Convert 18786b8 (base 12) to base 8.
23460354
Convert -369d (base 14) to base 2.
-10010101001011
Convert -3b7b8 (base 13) to base 16.
-1b250
142000033 (base 5) to base 6
23423545
What is -1000010000010101001 (base 2) in base 8?
-1020251
63544 (base 7) to base 6
200424
What is 201002121032 (base 4) in base 13?
1a42cba
What is 420211143 (base 5) in base 3?
10020200100110
What is -ae8bf5 (base 16) in base 5?
-10412022333
-5241 (base 9) to base 3
-12021101
What is -25320053 (base 7) in base 11?
-1324a57
Convert -1011201112221 (base 3) to base 5.
-124440202
Convert 4730260 (base 8) to base 13.
36247a
What is 1303113 (base 8) in base 16?
5864b
Convert 174ca2 (base 14) to base 8.
3101756
Convert -10010000010010000010101 (base 2) to base 13.
-c96c42
-100011022212 (base 3) to base 9
-304285
Convert -12132 (base 5) to base 14.
-497
What is 235307 (base 12) in base 4?
2022321313
What is 5220107 (base 8) in base 6?
45401451
Convert 11444111 (base 5) to base 16.
1aae1
Convert -7516 (base 16) to base 14.
-acd0
Convert -67515 (base 9) to base 12.
-21b88
Convert -1406181 (base 12) to base 3.
-21111210212221
Convert -102113012 (base 4) to base 16.
-125c6
157419 (base 10) to base 7
1223643
What is 11200010221102 (base 3) in base 13?
68c1b9
-12c2c07 (base 13) to base 8
-26447534
14fe78 (base 16) to base 7
14460160
661624 (base 7) to base 5
12202103
53807a (base 11) to base 9
1550518
-34242024 (base 5) to base 6
-10320053
15378685 (base 9) to base 10
7669643
31028 (base 16) to base 4
301000220
313304033 (base 6) to base 9
11276183
Convert -5240550 (base 6) to base 16.
-3e112
Convert d03 (base 15) to base 5.
43203
2144a (base 12) to base 10
43834
What is -1022200100211 (base 3) in base 10?
-702292
What is 640002 (base 11) in base 8?
3721550
1010001110111001101 (base 2) to base 12
142065
Convert 224110213 (base 6) to base 5.
2023134011
What is 5b18b3 (base 15) in base 13?
b9815b
Convert 112222212202 (base 3) to base 13.
a4465
Convert 11002000011001 (base 3) to base 6.
114224131
What is -12101032231 (base 4) in base 3?
-10002111101001
-120221103000 (base 4) to base 8
-30512300
Convert -111203012 (base 4) to base 3.
-11111001222
-13743653 (base 10) to base 6
-1210324005
What is 1667522 (base 8) in base 9?
822338
-46376 (base 10) to base 14
-12c88
-102122221201111 (base 3) to base 10
-6199213
What is 104442401 (base 7) in base 11?
3622153
Convert -618423 (base 11) to base 10.
-992104
48b8b (base 15) to base 7
1654460
What is -228779 (base 10) in base 8?
-676653
Convert -65350633 (base 7) to base 10.
-5592247
Convert 25523003 (base 6) to base 3.
1120102210010
564036 (base 7) to base 4
120120000
-1040164 (base 7) to base 16
-1f174
Convert -10010122111 (base 3) to base 7.
-344623
What is 6153411 (base 7) in base 6?
23435043
-5562143 (base 7) to base 16
-a7d5c
Convert -408630 (base 11) to base 8.
-2400373
What is -a4108 (base 11) in base 16?
-25137
654416 (base 8) to base 7
1602445
What is -4143 (base 8) in base 15?
-982
-101101001010010000 (base 2) to base 4
-231022100
What is 8643776 (base 9) in base 11?
2686296
Convert -10244320123 (base 5) to base 13.
-235a176
-2e3e0 (base 15) to base 5
-14240020
What is 105110 (base 8) in base 16?
8a48
What is -11110110001101101 (base 2) in base 10?
-126061
Convert b8e7cb (base 15) to base 2.
100001100110001011100101
17340127 (base 9) to base 6
510340041
What is -881231 (base 9) in base 2?
-10000000010111100111
What is -1a5d9 (base 16) in base 6?
-2151545
Convert 11864 (base 10) to base 12.
6a48
Convert 10606320 (base 7) to base 4.
3202032030
What is 13235320 (base 6) in base 3?
211101022110
What is -67b2ba (base 13) in base 5?
-1111433333
-1567c73 (base 13) to base 4
-122031301031
Convert 146336 (base 14) to base 10.
708588
What is 57154 (base 8) in base 9?
36137
10413271 (base 8) to base 11
1296517
-e8ad33 (base 15) to base 11
-628331a
-22121011012 (base 3) to base 10
-169241
-30415664 (base 7) to base 8
-11545351
Convert -17042 (base 12) to base 13.
-11c75
What is -264566 (base 13) in base 3?
-1201221000222
What is 112002212202120 (base 3) in base 5?
3404344422
-22125273 (base 8) to base 2
-10010001010101010111011
What is -2033230023 (base 4) in base 11?
-372210
Convert -51063712 (base 8) to base 2.
-101001000110011111001010
What is -1111220021000 (base 3) in base 15?
-10d7c0
11a514 (base 11) to base 4
232102312
41130552 (base 6) to base 3
2012212021212
Convert -26c81a (base 15) to base 6.
-103545241
Convert 115a014 (base 11) to base 4.
13230331012
Convert 1001001001011010100100 (base 2) to base 6.
123221112
Convert -212032333 (base 4) to base 11.
-a7730
Convert -11110001100111011010000 (base 2) to base 3.
-112220020110000
-429d9 (base 14) to base 5
-20123412
Convert -2112220120 (base 3) to base 10.
-50235
Convert -16e60 (base 15) to base 6.
-1331043
Convert 65611 (base 10) to base 13.
23b30
1101110000110101101 (base 2) to base 12
198ba5
Convert 1033112322 (base 4) to base 5.
40400200
Convert -396931 (base 11) to base 14.
-1235b9
What is 16056218 (base 9) in base 7?
125034530
-a66742 (base 14) to base 15
-76223a
Convert -1220440100 (base 5) to base 10.
-2905650
What is 402568 (base 9) in base 15?
4a84b
What is 331333332 (base 4) in base 2?
111101111111111110
Convert -676573 (base 8) to base 15.
-47b8b
What is 80c001 (base 13) in base 4?
23123213211
What is -1010011000010010100010 (base 2) in base 15?
-38b305
140241 (base 6) to base 12
7681
-122084 (base 14) to base 4
-2113123210
What is -23035302 (base 6) in base 11?
-441685
Convert 523441 (base 7) to base 4.
111333223
489538 (base 10) to base 14
ca590
-352510 (base 12) to base 7
-10155600
Convert -400b1 (base 12) to base 5.
-10124302
What is -696a4a8 (base 11) in base 14?
-1890db9
What is 362a (base 13) in base 8?
16731
Convert 1143420434 (base 5) to base 9.
5101012
What is -38557 (base 14) in base 12?
-68015
-3476506 (base 8) to base 5
-220341244
-11010110011111 (base 2) to base 4
-3112133
What is -3033123333 (base 4) in base 13?
-239979
-111101000111000101100 (base 2) to base 4
-13220320230
Convert 3865220 (base 9) to base 7.
23635221
13a261 (base 15) to base 11
596443
What is -4c19 (base 14) in base 9?
-20274
-3731747 (base 8) to base 10
-1029095
Convert 10020120011110 (base 3) to base 7.
20435466
What is -15a695 (base 12) in base 6?
-11540305
Convert -1044142243 (base 5) to base 2.
-1000111001110101111001
Convert 5164 (base 12) to base 16.
229c
-157a017 (base 11) to base 12
-a9a29b
-2546743 (base 8) to base 4
-2230313203
What is -3313033213 (base 4) in base 5?
-224401321
13016 (base 15) to base 12
2b203
4476485 (base 11) to base 9
15671455
-3a1219 (base 11) to base 15
-c7021
Convert 3949203 (base 10) to base 6.
220351203
Convert 15e (base 15) to base 8.
472
Convert -e8ca (base 16) to base 9.
-100665
What is 6385422 (base 10) in base 6?
344510050
What is -132402533 (base 6) in base 9?
-4870473
128052a (base 13) to base 10
5798764
Convert 113033001031 (base 4) to base 12.
2058951
-11012031 (base 7) to base 5
-220204201
What is 5714451 (base 9) in base 7?
35116513
What is 47fcc (base 16) in base 5?
33413420
What is -111010111110110100101 (base 2) in base 4?
-13113312211
What is -4974419 (base 11) in base 12?
-2a8a3aa
What is 17333 (base 8) in base 5?
223044
Convert -227982 (base 11) to base 10.
-361880
40027 (base 10) to base 4
21301123
1010110101000110101111 (base 2) to base 15
3b128e
What is 49ca (base 15) in base 7?
63550
Convert -312310400 (base 5) to base 7.
-13655604
What is 130130132113 (base 4) in base 15?
9c45ad
102021201210200 (base 3) to base 14
b21c56
1216851 (base 10) to base 15
190836
What is 1011001110001111100001 (base 2) in base 11?
172a344
What is -1021221002120 (base 3) in base 12?
-291a50
79b3 (base 12) to base 3
200120000
What is -15552132 (base 6) in base 14?
-107a52
Convert 122000201001220 (base 3) to base 9.
18021056
41311232 (base 5) to base 15
6a397
What is -21341 (base 14) in base 9?
-132034
Convert 202e2a (base 15) to base 14.
2bb162
What is -752565 (base 8) in base 15?
-4e6a3
Convert 536a57b (base 12) to base 6.
1323015435
What is -6c1fd0 (base 16) in ba